-1521 - -1538. Suppose -3*o + 0*o - 2*g + 34 = 0, -2*o + g + 18 = 0. What is the remainder when p is divided by o?
7
Let b(l) = 4*l**3 + 5*l**2 - 8*l - 8. Let f be b(5). Calculate the remainder when (-9)/27 + f/3 + -5 is divided by 19.
16
Let q(z) = -170*z - 6002. Calculate the remainder when q(-63) is divided by 38.
34
Suppose -177*d + 380*d = 193*d + 21170. What is the remainder when d is divided by 13?
11
Let x = 2633 + -2620. Let q(t) = t**3 - t**2 - t + 1. Let f be q(2). Suppose -7 - 14 = -f*w. Calculate the remainder when x is divided by w.
6
Suppose 62634 = -263*l + 296*l. What is the remainder when l is divided by 76?
74
Let o(g) = -g**2 + 25*g - 44. What is the remainder when ((-46)/(-23))/(7/((-26439)/(-6))) is divided by o(19)?
69
Suppose -19*v - 17 + 55 = 0. Suppose -z = v, g - 4*z = z + 74. Calculate the remainder when g is divided by 19.
7
Let h = 153 + -39. Suppose -12*p + h = -10*p. Let q = -34 + p. Calculate the remainder when q is divided by 12.
11
Suppose -3*g + 17 = -22. Let l be 1*(-3 - 2) - -221. Let c = 221 - l. Calculate the remainder when g is divided by c.
3
Suppose 7*z - 10*z = -2*b + 9, 5*b + 3*z - 75 = 0. Suppose -9*o - b = -n - 4*o, -5*n + o = -156. What is the remainder when n is divided by 17?
15
Suppose -3*g = 2*o - 937, 3*o - 1377 = -56*g + 61*g. Calculate the remainder when o is divided by 15.
14
Suppose -27*j + 146 + 178 = 0. Suppose -201 - 723 = -j*c. What is the remainder when 306 is divided by c?
75
Calculate the remainder when 582 is divided by (796/12 - 1)/((-96)/(-288)).
190
Suppose 107 = 902*w - 900*w - 5*o, 0 = 2*o + 14. Let d(c) = 538*c**3 - 2*c**2 + 3*c - 2. Calculate the remainder when d(1) is divided by w.
33
Let q be -3 + (-19)/2*-10. Suppose 18 = -5*n - q. What is the remainder when 35 is divided by 5 + ((-4)/n - 78/66)?
3
Suppose -433*m + 487*m - 15336 = 0. Calculate the remainder when 957 is divided by m.
105
Let i(n) = 52*n**2 + 10*n + 50*n**2 - 7 - 101*n**2. Let l be i(-11). Suppose 5*d + 38 = 3*c + l*d, -2*d = 10. What is the remainder when 30 is divided by c?
8
Suppose -321 = -12*h + 351. Suppose d - 5*d = -24. Calculate the remainder when h is divided by -60*(4 - 26/d).
16
Suppose 0 = -28*h - 16*h + 1453 + 3695. Calculate the remainder when h is divided by 41.
35
Let q = -798 + 889. Calculate the remainder when q is divided by 43.
5
Let f(m) = -m**3 - 31*m**2 + 36*m + 40. Let g be f(-32). Let j = g - -428. What is the remainder when j is divided by 38?
36
Let v = 2845 - 2735. What is the remainder when 1203 is divided by v?
103
Suppose 0 = 9*f - 8 - 19. Let d = f - -16. Suppose 67 + d = 2*x. Calculate the remainder when x is divided by 11.
10
Suppose -5*h + 7 = -83. Let d(v) = 13*v**2 - 97*v + 94. What is the remainder when d(7) is divided by h?
16
Let c(m) = m**3 - 4*m**2 + m. Let t be c(4). Suppose -8*n + 148 + t = 0. Suppose 54 = -n*f + 25*f. What is the remainder when 80 is divided by f?
8
Let g = -460 + 456. Let s(i) = 30*i + 137. Calculate the remainder when 30 is divided by s(g).
13
Let j = 718 + -684. Suppose j*g = g + 429. Let s = -297 + 464. What is the remainder when s is divided by g?
11
Suppose 5*b + a - 86 = 0, -2*a = 4*b + 2*a - 56. Let m = -343 + 349. Suppose 9 = m*p - 57. What is the remainder when b is divided by p?
7
Let a(p) be the second derivative of 3*p**5/20 - 14*p**4/3 - 8*p**3/3 + 17*p**2/2 + p - 107. What is the remainder when a(19) is divided by 38?
36
Let d(k) = -114*k + 1988. What is the remainder when d(14) is divided by 71?
37
Suppose 344 = 4*l + 2*r, 65*r - 67*r = -4*l + 360. What is the remainder when 10557 is divided by l?
85
Let h(l) be the third derivative of -3*l**4/4 - 8*l**3 + 59*l**2. Calculate the remainder when h(-17) is divided by 26.
24
Suppose 48 + 0 = -x + 3*n, 164 = -3*x - n. Calculate the remainder when 74 is divided by 8 - 6 - x/2.
16
Let r = 10 - 15. Let t = -315 - -336. Let l = t + r. What is the remainder when 62 is divided by l?
14
Let h be (-60)/30*(1 - -25). What is the remainder when 208 is divided by 39/h - 126/(-8)?
13
Let w = 6843 + 2767. What is the remainder when w is divided by 36?
34
Suppose 11 + 1 = 2*w - 2*s, 2*w + 2*s = 0. Suppose 0 = w*r - 34 - 149. What is the remainder when r is divided by 21?
19
Calculate the remainder when 1246 is divided by (-9)/(-12) + (-5688)/(-96) + -22.
30
Let v = 1 - -4. Suppose 3*r - v*p = 82, p - 17 = -r + 13. Suppose 3*i = q - 122, -11*i + 6*i + 1341 = 12*q. Calculate the remainder when q is divided by r.
26
Calculate the remainder when (-9 - 2275/(-7)) + 2/(-3)*-3 is divided by 161.
157
Suppose 0 = -139*j + 559 + 5001. Calculate the remainder when 2393 is divided by j.
33
Suppose 0 = 3*t + 2*t + 5*i + 95, -43 = 2*t + 3*i. Let d(r) = 60*r**2 + 2*r. What is the remainder when d(-1) is divided by (-123)/(-6) - (t/(-4) + -3)?
18
Let c(w) = -w**3 - 23*w**2 + 78*w + 252. Calculate the remainder when c(-26) is divided by 66.
54
Let p = -16 - -20. Calculate the remainder when 50 is divided by 3/((-42)/p) - 372/(-28).
11
Suppose -123*x = 60743 - 122301 - 89855. Calculate the remainder when 2486 is divided by x.
24
Let k = 34 - -78. Suppose 4*s - 299 = -3*u - 65, -u = 2. What is the remainder when k is divided by s?
52
What is the remainder when 8105282/4239 + (-2)/27 is divided by 58?
56
Suppose 3*d = -z + 161 + 81, 3*d - 2*z = 236. What is the remainder when d is divided by -1*(-5 + (-54)/(-10)) - 22/(-5)?
0
Calculate the remainder when 826 - 15*(-45)/75 is divided by 28.
23
Calculate the remainder when 4044 is divided by (-136)/(-84) - (-4)/(-14) - (-231)/63.
4
Suppose -34 - 151 = -5*d. Suppose 28*h - d*h = -675. What is the remainder when h is divided by 13?
10
Suppose -17*d + 442 = -6*d - 460. Calculate the remainder when 499 is divided by d.
7
Suppose 3*y = -2*i - 126, y = i + 5*y + 63. Let o = -29 - i. Suppose -o = 3*v - 64. Calculate the remainder when 29 is divided by v.
9
Let u(v) = -5*v - 2. Suppose -2*o - 5*d + 212 = 0, 2*o + 7*d - 216 = 4*d. Calculate the remainder when o is divided by u(-6).
27
Suppose t + 77 = -4*b, -2*b - 4*t - 23 = -b. Let p = b - -32. Suppose 0 = 22*r - 6338 + 4644. What is the remainder when r is divided by p?
12
Let q = 1455 - -2682. What is the remainder when q is divided by 45?
42
Suppose 70*p - 28341 = 23*p. Calculate the remainder when p is divided by 11.
9
Suppose 0 = 286*f - 336270 - 87010. Calculate the remainder when f is divided by 729.
22
Let d be 8016/28 - 26/91. Let p = d - 206. What is the remainder when 86 is divided by p?
6
Suppose -478 = -10*t + 9*t. Let l(i) = -8*i - 2. Calculate the remainder when (t/17 - 2) + 58/(-493) is divided by l(-2).
12
Let a(m) = -m**3 + 16*m**2 - 6*m - 31. Let q be a(15). Suppose -5*r - 2*k = -236, q + 32 = 3*r + 4*k. What is the remainder when 141 is divided by r?
45
Suppose 4*o = o - k + 27, -6 = 2*k. Calculate the remainder when o is divided by -12*5/(-15) - 0.
2
Suppose -21 = -43*l + 46*l. What is the remainder when 32/(2/4*1) is divided by (-151)/l - (-6)/14?
20
Suppose -n - 2 = 0, -4*n + 178 = -j - 3. Let r = j + 208. Calculate the remainder when 54 is divided by r.
16
Calculate the remainder when (-1 + 1625/(-10))*(2 + -4) is divided by 4*(81/12 - 4).
8
Suppose -2*m + 3*m = 1. Suppose 2*d = -m + 7. What is the remainder when -5 - 96/168*-28 is divided by d?
2
Suppose -11*n + 340 = 76. Suppose n = v + b, 3*v - b - 90 = -2*v. Calculate the remainder when v is divided by 4.
3
Let d(p) = p**2 - 3*p - 5. Suppose -580 - 2232 - 708 = -40*k. Calculate the remainder when k is divided by d(-5).
18
Let w(j) = -j**2 - 14*j - 31. Let v = -13 - -8. Calculate the remainder when 53 is divided by w(v).
11
Suppose -42 = -5*g + 13. Suppose -4*c = 3*m - 14 - 19, c - 2*m - g = 0. What is the remainder when 34/(-3)*(-4 - -1) is divided by c?
7
Let f = 228 + -216. Let g = 13 + 4. What is the remainder when (3/f)/((-17)/(-1768)) is divided by g?
9
Calculate the remainder when 4/6*(-7)/(-14) + 380/3 is divided by 33.
28
Let d = -38 - -62. Suppose -6*x + d = -3*x. Suppose -115*k + 930 = -795. What is the remainder when k is divided by x?
7
Let y(t) = 49*t**3 + 4*t**2 + 65*t - 139. What is the remainder when y(2) is divided by 132?
3
Suppose 2*w = -9*w + 33. Suppose 5*r = -h - 14, w*r - 115 = 3*h - 37. What is the remainder when (-918)